) be the third derivative of y**4/6 + 29*y**3/6 + 2*y**2 + 219*y. What is p(-10)?
-11
Let o be (-1)/5 + 101/5. Suppose -7*n = -3*n + 8. Let a be (0 + n)/((-8)/o). Let u(r) = -2*r**2 + 6*r + 2. What is u(a)?
-18
Let p(w) = w + 4. Let j be p(-5). Let g(a) = -3*a**3 - 4*a**2 - 5*a + 3. Let n(s) = 10*s**3 + 15*s**2 + 19*s - 11. Let l(d) = 15*g(d) + 4*n(d). Determine l(j).
5
Let q(m) be the first derivative of -m**4/4 + 7*m**3/3 - m**2 - 8*m - 270. Calculate q(7).
-22
Let s be (-30)/(-18) - (-4)/12. Let w(x) be the second derivative of x**5/10 - x**4/3 + x**3/3 + x**2/2 - 7*x. Determine w(s).
5
Let k(t) = 2*t + 6. Suppose -4*j = z - 13, 3*z + j - 6 = -0*j. Let d be -3 + (-2)/(-2) + (-1 - z). Give k(d).
-2
Let n(q) = -12*q + 4*q**2 + 4*q**2 - 14*q**2. Let g(h) = -7*h**2 - 13*h + 1. Let d(b) = -5*g(b) + 6*n(b). Determine d(-7).
-5
Let h(q) = q**2 - 2*q - 10. Suppose 0 = -333*i + 318*i + 90. Give h(i).
14
Let t(k) = -2*k + 43. Let g be t(19). Let c(h) = -g - 9*h + 14*h - 4*h. What is c(6)?
1
Suppose -4*h + 10 + 2 = 0. Let w(s) = -s**3 + 4*s**2 + 7*s - 4. Let m(t) = t**3 + 1 + 1 - 5*t**2 - 8*t + 3. Let b(r) = 3*m(r) + 4*w(r). Calculate b(h).
-7
Suppose -12 = 2242*t - 2236*t. Let x(j) = -14*j**2 - 23*j + 8. Let o(q) = -5*q**2 - 8*q + 3. Let b(f) = 17*o(f) - 6*x(f). Give b(t).
-5
Let u(y) be the second derivative of y**5/20 - y**4/12 - y**3/3 - y**2/2 - y. Let s = 3409 - 3411. Determine u(s).
-9
Let b(h) be the third derivative of -h**5/60 - h**4/4 + h**3/3 - 4*h**2 + 6. Let n be 10/((-3)/(3/2)). Give b(n).
7
Let f(p) = -p**2 + 7*p - 3. Let c be 1428/272 + (-1)/4. Determine f(c).
7
Suppose 6*q - 3*q = -5*u - 26, -4*u - 6 = -5*q. Let v(y) = y**2 + 6*y + 2. What is v(u)?
-6
Let t(c) be the third derivative of c**6/120 + c**5/10 + 7*c**4/24 + 5*c**3/6 - c**2. Suppose 0 = 2*u + 4 - 22. Let p = -14 + u. What is t(p)?
-5
Let c(d) be the third derivative of 1/30*d**5 + 0 + 0*d + 8*d**2 - 7/24*d**4 + 1/2*d**3. Determine c(5).
18
Let p(a) = 4*a - 9. Suppose 11*d - 149 = -72. Give p(d).
19
Let j(v) be the third derivative of -v**6/120 - 7*v**5/60 + 7*v**4/24 + 10*v**2 + 9*v. Give j(-8).
8
Let n(f) = 6*f + 24. Let r(j) be the first derivative of 15*j**2/2 + 60*j - 8. Let h(s) = 12*n(s) - 5*r(s). Determine h(-8).
12
Let q(z) = -1876 + 1877 - z + 2*z. Calculate q(-6).
-5
Let j(y) be the third derivative of -y**5/60 - 3*y**4/8 + 5*y**3/3 - 507*y**2. What is j(-9)?
10
Let g(c) = c**2 + 11*c - 14. Suppose -148 + 28 = 10*p. Calculate g(p).
-2
Suppose h + 49 - 19 = 4*y, 2*y - 8 = 4*h. Let u be (-2)/(y/(-12)) - -1. Let b(c) = 9*c + 0*c + u - 7*c. Give b(-5).
-6
Let n(v) = 2*v**2 + 3*v + 6. Let r be n(-4). Let l(q) = -16 + q - 15 - q**3 + 5*q**2 + r. Give l(5).
0
Let t(y) = -9570*y**2 + 4786*y**2 - y - 2*y**3 + 4782*y**2. Suppose 2*p - 6 = -2*r, 2*p = -4*r + p. Calculate t(r).
1
Let x(k) = -k + 27. Let z be x(28). Let v(y) = -y**2. Give v(z).
-1
Let f be 6 + -5 + (-23)/(-1). Let u be 3/(-9) - (-176)/f. Let v(l) = l**3 - 8*l**2 + 9*l - 6. What is v(u)?
8
Let f(m) be the first derivative of -m**6/120 + m**5/12 + 7*m**4/24 - 4*m**3/3 - 5*m**2 - 7. Let v(b) be the second derivative of f(b). Give v(6).
-2
Let i(m) = -3*m + 6. Let r(p) = 4*p - 8. Let f(s) = 5*i(s) + 4*r(s). Calculate f(16).
14
Suppose -17 = y - 9*o + 4*o, -2*o - 10 = 2*y. Let n be (-3)/5 - y/(-5). Let k be (n/3)/((-4)/36). Let g(t) = -t**2 + 6*t + 7. Determine g(k).
7
Suppose -20*b + 22*b = 0. Let u(g) = g**3 - g - 7. Give u(b).
-7
Let z = 1 + 2. Let q = z - 5. Let l(s) = 1 - 2 - 3*s + 2*s**3 + 5 + 2*s**2 - 7. Determine l(q).
-5
Let k be 8/10 - (-2008)/40. Let q = 47 - k. Let s(x) = -2 - 1 + 2*x + 0 - 1. Calculate s(q).
-12
Let d(c) be the third derivative of -c**5/60 + c**4/3 + c**3/3 - c**2. Let w be (152/380)/((-1)/(-15)). Calculate d(w).
14
Suppose -3*v - 2*a = -7*v + 2, -5*v + 20 = a. Let m(k) = 5*k**3 + k + 10*k**3 - 5*k**v. Give m(1).
11
Let a(n) = 2421*n - 2421*n - 5 + 3*n**2 + 4. Give a(2).
11
Let h(t) = -t**2 - 5*t + 19. Let r be h(-8). Let f(c) be the first derivative of -c**4/4 - 5*c**3/3 + 5*c**2/2 + 7*c - 2. Determine f(r).
-18
Let d = -34 - -16. Let m be (120/d)/(2/(-3)). Let n(r) = -4 + m - 2 - r. Calculate n(0).
4
Let j(p) = -2*p + 38. Let c = -677 + 693. Determine j(c).
6
Let z(l) = -14*l**2 + 10*l - 63. Let p(j) = -3*j**2 + 3*j - 15. Let q(i) = -9*p(i) + 2*z(i). Give q(-6).
15
Let l(a) = -13*a**2 - 12 - 12*a + a**3 + 8 + 3*a**2 + 20. What is l(11)?
5
Suppose 5*o = 4*o + 7. Suppose o + 3 = 2*g. Let k(a) be the second derivative of a**4/12 - a**3 - a. Determine k(g).
-5
Let i(w) = -13*w + 5. Let u(q) = 28*q - 11. Let b(d) = 9*i(d) + 4*u(d). Suppose -s + 0 = 1. Let c be (1 - 0)*s - 0. Give b(c).
6
Let k(t) = -t**2 + t. Let y(h) = 5*h**3 - 5*h**2 + 3*h. Let g(v) = -5*k(v) + y(v). What is g(-2)?
-36
Let i(g) = 849 + 0*g - 286 - 285 - 4*g**2 - 2*g - 282. Determine i(0).
-4
Let i = 89 + -65. Let k = 22 - i. Let v(l) = 2 + 2*l**3 - l**3 + 0*l**3 + l**2 + 0*l**2 + 3*l. Give v(k).
-8
Let v(l) = 3*l + 14. Let b be v(-4). Let a(p) = 3*p**3 + 6*p**b + p**3 - 6*p**3 + 5 + p**3. Give a(6).
5
Let i(j) = -17 + j - 3 + 3 + 12. Let z be 1 - (0 + 1 + -3). Give i(z).
-2
Let p(y) = 99*y - 46*y - 42*y. Calculate p(-2).
-22
Let b(z) = -16*z - 13. Let v = 499 + -501. What is b(v)?
19
Let s(x) = -x**2 + x + 4. Let i be s(3). Suppose -3*f + 9 = 0, 2*k + f - 4*f + 3 = 0. Let h(d) = k + d + 7*d**2 + 4*d - 6*d**2. Calculate h(i).
-3
Let f(b) = -b**2 - 9*b - 10. Let r be (-21)/(-49) + (-162)/(-14). Suppose 3*p = -m - r - 10, 0 = -5*p - 4*m - 32. Determine f(p).
-2
Suppose 4*d = -6*d + 10. Let v(k) = 7*k**2 + 7*k - 1. Let z(g) = -g**2 - g. Let m(w) = d*v(w) + 3*z(w). Calculate m(-3).
23
Let o be ((-4)/10)/((-7)/140). Let j(h) = -h**3 + 9*h**2 - 9*h + 8. Calculate j(o).
0
Let q = 3 + -9. Let a be (q/(-15))/(4/10). Let i(k) = -2 + 3 - 10*k**2 + 5 - 5. Determine i(a).
-9
Let m(x) = -x - 1. Let g(f) = -6*f**2 + 6*f + 5. Let o(k) = -g(k) - 4*m(k). Let p = 153 - 154. Calculate o(p).
7
Let h = -3 - 3. Let f(w) = 2*w - 1. Let j(o) = -5*o - 2. Let b(s) = -2*f(s) - j(s). Determine b(h).
-2
Let o(w) = w + 1. Let c(y) = y**2 + 13*y + 15. Let m(t) = -t - 1. Let f(v) = -c(v) + 6*m(v). Let z be f(-18). What is o(z)?
-2
Let a(h) = 152*h**2 + 56*h. Let m(b) be the first derivative of 8*b**3/3 + 3*b**2/2 + 41. Let z(d) = -3*a(d) + 56*m(d). Determine z(1).
-8
Let m(x) = 3*x**3 - 2*x**2 + 2*x - 1. Let n be m(1). Suppose j = n*j - 2. Let u(o) = -5 + 2*o**2 - 2*o**2 + 0*o**j + o**2. Calculate u(0).
-5
Let r(d) = -13*d**2 - 2*d + 1. Let b = -38 - -28. Let l be (5/b)/(2/(-4)). Give r(l).
-14
Let t(r) = r**2 + 1248 - 4*r - 624 - 627. Let s(o) be the second derivative of o**4/6 + o**3/3 - o**2/2 + o. Let b be s(1). Calculate t(b).
-6
Let t = -10 + 15. Suppose -t*p + 3 = -12. Let c(u) = u**3 - 3*u**3 + p*u**3 - 3*u**3 - u**2. Determine c(1).
-3
Suppose 7*j + 25 = 12*j. Suppose 2*c - 5*t + 49 = 0, -80 + 0 = j*c - 4*t. Let l be 13/(-3) - 4/c. Let q(y) = y**3 + 5*y**2 + 2*y - 2. Calculate q(l).
6
Suppose 3*k = -4*h + 66, 3*h = 2*h + 3*k + 9. Let y be ((-2)/(-5))/(h/75) + -3. Let g(f) = -8*f**2 + f + 1. What is g(y)?
-8
Let r(m) = 7*m**2 + 140*m + 1. Let n be r(-20). Let d(l) = 23*l**3 - 2*l**2 + l. What is d(n)?
22
Let h(k) = -4*k**3 - 9*k**2 - 3*k - 29. Let c(n) = 13*n**3 + 26*n**2 + 9*n + 87. Let x(a) = 3*c(a) + 10*h(a). Give x(-12).
7
Let y(c) = 7 - c**3 - 76*c + 5*c**2 + 38*c + 43*c. Determine y(6).
1
Let p(l) be the third derivative of -l**6/120 + l**5/10 + l**4/12 - 5*l**3/6 - 14*l**2. Give p(6).
7
Let k(o) = 2*o. Let f be k(3). Let q(h) = 9*h**2 + 10*h - 2. Let r(c) = -2*c**2 - 1. Let l(y) = -q(y) - 5*r(y). Determine l(f).
-17
Let o(y) = -4*y + 5. Let p be o(2). Let j(u) = 7 - 3 - 3*u - u. Determine j(p).
16
Let g = 4 - 3. Let s be g*(2 + -1)*4. Let u(x) = x**2 + x - 1. Let c(a) = 3*a**2 + 8*a - 3. Let y(v) = -c(v) + 4*u(v). Determine y(s).
-1
Let r = -70 - -75. Let s(j) be the third derivative of -j**6/120 + j**5/12 - j**4/24 + 2*j**3/3 + 7*j**2. Give s(r).
-1
Let g(r) = -40*r + 10 - 46*r + 127*r - 39*r. Calculate g(-6).
-2
Let y(s) be the second derivative of s**4/12 + 5*s**3/2 - 15*s**2/2 + 8*s - 4. Give y(-15).
-15
Let v(f) = -3*f**2 - 27 - 28*f - 33*f**2 - 2*f**3 + 4*f**2 - 2*f + 28*f. What is v(-16)?
5
Let q(z) = 5*z + z**2 + 2 - 3*z - 5